test common divisor of d and q?
6
Let l(r) = 5*r**3 - r**2 + 1. Let w be l(1). Suppose -4*x = -w*x + 30. Calculate the greatest common divisor of x and 20.
10
Let x be (-2)/6 - (-75)/9. Suppose x = 3*o + 2. Let p be o*(-8)/6*-3. What is the greatest common factor of p and 1?
1
Let f be -19*-1*(-3)/6*-2. What is the highest common factor of f and 38?
19
Let g(x) = x**2 - 6*x - 8. Let p be (-2)/7 - (-130)/14. Let w be g(p). Let u = -265 + 474. Calculate the highest common factor of u and w.
19
Let m(y) = 9*y**3 - 2*y + 1. Let d be m(1). Let v = 91 - 59. What is the greatest common factor of v and d?
8
Let t(p) = 2*p + 14. Let v be t(12). What is the highest common divisor of v and 57?
19
Suppose -5*n - 630 = -8*n. What is the greatest common factor of n and 35?
35
Suppose 30 = 2*v - 4*u, u = 3*u + 8. Let p(r) = r**3 + 8*r**2 - 7*r + 7. Let k be p(-8). Calculate the highest common factor of k and v.
7
Let s(c) = -c**2 - 11*c - 2. Let r be s(-10). What is the highest common divisor of 64 and r?
8
Suppose 0*o = o - 32. Suppose -c = -2*c + o. Let m = -17 + c. Calculate the highest common factor of 6 and m.
3
Let c(m) be the third derivative of m**5/60 - 7*m**4/24 + m**3/3 - 3*m**2. Let x be c(7). What is the greatest common factor of 1 and x?
1
Suppose -5*u = 0, -4*a + 4 = u + 168. Let r be 1 - a - (5 + -3). Let n be 0 - 0 - (-4 - 1). What is the highest common factor of r and n?
5
Suppose -3*v = -4 - 2. Suppose -2*z - 22 = -2*y, v*y - 4*z - 18 = -0*y. What is the greatest common factor of y and 91?
13
Suppose -2*v + 3 = 33. Let q be (0 - v)*(-32)/(-12). Suppose 2*m - q = -2*m. Calculate the greatest common factor of m and 5.
5
Let s = -2 + 6. Suppose t - 3 = -8, 0 = s*g - 5*t - 49. Let f be (9/g)/(2/32). Calculate the greatest common divisor of f and 6.
6
Suppose 3*p + 304 = 5*a + 5*p, -4*a + p + 238 = 0. Suppose 2*y = -2*h + 34, -4*h + 3*y + 94 = 5. What is the highest common factor of a and h?
20
Let y(x) = -5*x - 5. Let g(i) = i**2 + 3*i - 2. Let w be g(-2). Let h be y(w). Let o be 3 - ((-171)/3 + 0). Calculate the greatest common divisor of o and h.
15
Suppose -2*f = 5*g - f - 2197, -4*f = 4*g - 1748. Calculate the greatest common factor of 40 and g.
40
Let g be (-1)/2 + 34/4. Suppose -v + 3 = -1. Calculate the greatest common divisor of v and g.
4
Suppose -3*j + 8*j = 20, 2*y - 4*j - 14 = 0. What is the greatest common factor of y and 5?
5
Let l(s) = 4*s**2 - s + 12. Let y be l(-4). Calculate the greatest common divisor of 16 and y.
16
Suppose 86 + 139 = 5*z. Calculate the highest common divisor of 9 and z.
9
Let o = 69 + -37. What is the greatest common factor of 4 and o?
4
Let k(x) = -x**3 + 9*x**2 - 13*x - 12. Let s be k(6). What is the greatest common divisor of s and 162?
18
Let c(x) = -x**2 + 60. Let a be c(0). Suppose -7*p - 40 + 145 = 0. What is the greatest common divisor of p and a?
15
Let m(a) = 2*a**2 - 4*a - 8. Let b be m(6). Suppose r + 2*h = 4*h + 8, r - 3*h = 11. Suppose 0 = -r*w + 18 - 2. Calculate the highest common divisor of w and b.
8
Suppose 5*u + 6 = 66. Suppose -g + 2 + 97 = 3*r, -3*r = 4*g - 387. Calculate the highest common divisor of g and u.
12
Let x(v) = 17*v - 16. Let s be x(1). Calculate the highest common factor of 2 and s.
1
Let o(b) = -b**3 - 8*b**2 - b + 8. Let l be o(-8). Suppose -14*x - 600 = -29*x. Calculate the highest common divisor of x and l.
8
Let v = 0 + 2. Let u(f) = 4*f**2 + 2 + 0*f**v + f - 2*f**3 + 3*f**3. Let j be u(-3). Calculate the highest common divisor of 32 and j.
8
Let o be 1/(-3)*21*-3. Suppose -s + o = -3. Calculate the greatest common factor of 60 and s.
12
Let v be 56/((-16)/(-6) - 2). Let g = -11 + 6. Let r be 9/(-15) + (-63)/g. What is the highest common divisor of v and r?
12
Suppose 5*q - 23 - 72 = -2*a, 3*a + 4*q = 139. Calculate the greatest common factor of 9 and a.
9
Suppose 30 = 42*j - 39*j. Let d be 27/12 - (-1)/(-4). What is the greatest common divisor of j and d?
2
Suppose -2*t + 6 = -0*t. Suppose 0*j = t*j - 225. Suppose 155 = 5*x - 5*w, -2*x + 4*x + 3*w = 57. Calculate the highest common divisor of j and x.
15
Let f = 7 + 3. Let v(g) = -g - 1. Let u be v(6). Let h be (-5)/(-1)*u*-2. What is the greatest common divisor of h and f?
10
Suppose -5 = 4*g + 3*o, -2*o = -g - 4*o. Let k be -1 + 0 + (g - -12). Let l = 79 + -43. Calculate the greatest common factor of l and k.
9
Suppose -l + 132 = l. What is the highest common factor of l and 6?
6
Let u = 5 - 6. Let c be -1 + 47 + u + 1. Let p be c/6 - 4/6. What is the greatest common factor of 77 and p?
7
Suppose -4 = r - 13. What is the greatest common divisor of 3 and r?
3
Let v be 188 + 2/(-4)*6. Let x = v - 86. What is the greatest common factor of 11 and x?
11
Let y(x) = x + 2. Let u be y(7). Suppose 3*q = 57 - u. Let k = -9 + q. Calculate the highest common divisor of 28 and k.
7
Let b(y) = -y**2. Let s be b(-1). Let c = s + 9. What is the highest common factor of c and 12?
4
Let d be 262/3 + (-2)/(-3). Suppose -15*m + 94 = -26. What is the greatest common divisor of d and m?
8
Suppose 0 = x + 2*x - 33. Let t = 5 - 3. Suppose 4 = 2*y + t. Calculate the greatest common divisor of x and y.
1
Let d be (-5 - -5) + 6*6. Calculate the greatest common divisor of d and 18.
18
Let h(s) = -s**2 - 1. Let v be h(0). Let z = v - -4. What is the greatest common factor of 3 and z?
3
Let w be (-2)/2*(0 + -130). Let d be w/8 + (-3)/12. Calculate the highest common divisor of 16 and d.
16
Let n be (-3)/12*2 + (-909)/(-18). Let t be (-62)/(-3) - (-6)/(-9). What is the highest common divisor of n and t?
10
Let w be (-165)/(-6) - (-1)/2. What is the greatest common divisor of 4 and w?
4
Suppose -5*y - x = -68, 0*y - 5*x = -3*y + 52. Calculate the greatest common factor of y and 2.
2
Suppose 0 = -3*g - 3, -3*q + 8*q + 3*g - 197 = 0. Suppose 4 = -m + 3*m. Suppose m*c - 127 = -7. Calculate the greatest common divisor of c and q.
20
Suppose -2*t = 5*t - 280. Calculate the highest common factor of 140 and t.
20
Let o(c) be the third derivative of c**6/120 - c**5/6 + 7*c**4/24 + c**2. Let z be o(9). Let r be 82/3 - 12/z. What is the greatest common factor of 70 and r?
14
Suppose x + 1 = -0*x. Let j be (1 + -2 + 0)*x. Suppose 3*d = 2*d + 2*r + j, 5*d - 4*r - 11 = 0. What is the greatest common factor of d and 21?
3
Let i(r) = r + 20. Let g be i(-15). Suppose 3*m + 6*d - 4*d = 129, 0 = g*m + d - 222. Calculate the highest common factor of 5 and m.
5
Let h(g) = g**2 - 3*g + 6. Suppose 0 = b - 6 - 0. Let o be h(b). What is the highest common divisor of o and 48?
24
Let r(y) = y**3 - y**2 + 2*y + 120. Let a be r(0). Calculate the highest common factor of 48 and a.
24
Suppose -4*t - a + 638 = 0, 0*a + 3*a + 486 = 3*t. Calculate the greatest common divisor of 64 and t.
32
Let w = -6 - -33. What is the highest common divisor of w and 297?
27
Suppose 20 = 2*h - 4*z, h + 3*z = 4*h - 18. Let s be ((-15)/h)/((-30)/80). Calculate the greatest common factor of s and 8.
4
Suppose 7*w + 0*w - 175 = 0. What is the highest common factor of 5 and w?
5
Let h(t) be the first derivative of -7*t**4/2 + t**3/3 + t**2 + t + 2. Let w be h(-1). Let b = -15 - -29. Calculate the greatest common factor of b and w.
14
Let q(z) = -z**3 - 11*z**2 - 11*z + 1. Let i be q(-10). Calculate the highest common factor of 11 and i.
11
Let q(i) = 2*i**2 + 54*i - 23. Let d be q(-28). Calculate the greatest common divisor of 55 and d.
11
Suppose 3*a - u = 23, 4*u + 4 = 4*a - 24. Calculate the highest common divisor of a and 8.
8
Suppose -b + 2*b - 60 = 0. Calculate the greatest common divisor of 5 and b.
5
Let b be 142*(-2 - -2 - -2). Let m = b + -110. Suppose -5*i + m = 3*x - 621, 0 = -3*i + 5*x + 511. Calculate the greatest common divisor of i and 18.
18
Let u be 0 + -1 + (-17 - 14). Let p = u - -56. What is the greatest common divisor of p and 16?
8
Suppose 9*x = 5*x + 5*f + 37, f = -4*x + 31. Suppose -5*l - z + 3*z = -18, 3*z = -12. Calculate the highest common divisor of l and x.
2
Let b(h) = 11*h**3 - 3*h**2 - h + 1. Let z be b(2). Calculate the greatest common factor of z and 30.
15
Let p be (1 + -1)*(-6)/(-12). Let t(c) = c**2 + c. Let x be t(p). Let w(k) = k + 18. Let m be w(x). What is the greatest common divisor of m and 6?
6
Suppose 6 = 2*s - 3*b - 14, 0 = -s - 5*b + 23. What i